 -350*p - 6. Let u be g(c). Suppose 3*r - u = 299. Is r prime?
True
Let l be (0 + 1 - 3)*(-3)/6. Is (2/(3 + 3)*4149)/l prime?
False
Let v(q) = -1127*q - 1374. Is v(-73) a prime number?
True
Is 9347418/(-4)*1504/(-3384) composite?
True
Suppose -3*k - 8*k = 99. Let j(n) = 192*n - 180. Let s(t) = 48*t - 45. Let y(r) = k*s(r) + 2*j(r). Is y(-14) composite?
True
Let j be 15/18 + 41307/(-126). Suppose -4*p - 1624 = -2*p. Let z = j - p. Is z a composite number?
True
Let c = 216 - 198. Is 4/c*6162 - (-2)/(-6) a composite number?
True
Let j(k) = -k**2 + 34*k - 175. Let t be j(28). Let w(b) = -113*b + 78. Is w(t) composite?
True
Let j be 3740/(-140) - (6/(-21))/(-1). Let x(c) = -467*c + 484. Is x(j) prime?
True
Suppose -2*x + 833 = v, -2*v - 1660 = -4*v - 2*x. Suppose 0 = 4*a - 123 + v. Is (a/24)/((-2)/69) prime?
False
Suppose 2 = -d - d + 3*w, w = 3*d - 11. Suppose 5*b = -d*a + 1380, 4*a = -3*b + b + 546. Suppose h - 4*c - 51 = 0, -4*h - c - 58 = -b. Is h a composite number?
True
Let l(t) be the third derivative of -557*t**4/24 - 11*t**3/2 - 43*t**2. Let d be l(6). Let u = 4856 + d. Is u a composite number?
False
Let t(l) = 2*l**3 - 3*l**2 - 55*l + 421. Is t(13) a composite number?
False
Let o = -164 + 184. Suppose o*d - 21561 = 859. Is d a prime number?
False
Let p(m) = -m + 8. Let b be p(6). Let j be 0*4/8*b. Suppose -d - 17 + 144 = j. Is d a prime number?
True
Suppose -2348163 = 80*x - 89*x. Is x a composite number?
True
Let d = -42 - -49. Suppose -3*r - 868 = -d*r. Let h = -104 + r. Is h prime?
True
Is (-2)/(-4)*(800274/16)/(3/16) composite?
False
Let o(f) = 3*f**3 - 14*f**2 - 24*f - 3. Let s(m) = 2*m**3 - 15*m**2 - 23*m - 2. Let y(b) = 3*o(b) - 4*s(b). Is y(-16) a composite number?
False
Suppose 27*w = 7*w + 140. Let v = 8024 - 3890. Suppose 13*c = w*c + v. Is c composite?
True
Is (-172)/(-387) + ((-190799)/9)/(-7) a prime number?
False
Let b = -91 - -96. Suppose b*a = 9*a - 3556. Is a a prime number?
False
Let x = 24 - 22. Suppose 0 = 5*o - 2*o + 5*h + 56, -5*o - x*h - 68 = 0. Let y(a) = -4*a + 26. Is y(o) prime?
False
Let j(w) = -1139*w**3 + 83*w + 397. Is j(-5) prime?
True
Suppose 5*l + 4*y = 288, -4*l - 28 = 4*y - 260. Suppose -l*b = -42*b - 393834. Is b a prime number?
False
Suppose 3*c = s + 134024, -c = -5*s - 56546 + 11848. Is c a composite number?
True
Let c be 3/(-9) - (490/(-3))/7. Suppose -24*f + c*f = -4. Is 1 + 1058 - (-4 + 2 + f) a composite number?
True
Let f = -274381 + 417144. Is f composite?
True
Let h be (-2)/8 + -1 - (-1)/4. Is (-797)/((-4)/3 + h - -2) prime?
False
Let k(f) = 10*f**2 + 3*f + 1. Suppose 0 = -7*n - 2*n + 18. Suppose 4*r + 4*o = 20, 5*r - 27 = -o + n. Is k(r) a composite number?
False
Let k(b) = -b**2 - 7*b - 10. Let h be k(-3). Suppose -h*y = -5*y + 3*s + 24777, 5*s + 33032 = 4*y. Is y a composite number?
False
Suppose 0 = -57*p + 3450505 + 2600786. Is p composite?
False
Let h be 4/(-16)*(-8 - 0). Suppose 0 = -4*j - l - 7049 + 30122, 0 = -h*j - 2*l + 11544. Is j composite?
True
Let x = 551 - 476. Suppose 2*m - 2023 = x. Is m composite?
False
Let k(z) = -12*z**3 + 9 + 3*z**3 - 38*z**2 + 519*z - 497*z. Is k(-20) a prime number?
True
Suppose 5*f - 2*c - 1143613 = 0, -2*f - c = -380513 - 76925. Is f a composite number?
True
Let p(a) = -9*a**2 + 7*a - 1. Let b(r) = 10*r**2 - 8*r + 1. Let f(j) = -5*b(j) - 6*p(j). Let s be f(-2). Is 3248/5 + s/(-35) prime?
False
Suppose 0 = -r - 3*u + 34, 3*r + u + 31 = 125. Suppose r*p + 3962 = 32*p + 5*a, 11900 = 3*p + a. Is p prime?
True
Let a = -15980 - -24019. Is a composite?
False
Suppose 6*j + 7*k - 3144998 = 4*k - 1154204, 0 = -4*k. Is j a composite number?
True
Suppose -12*v + 672 = -5*v. Let w = -93 + v. Suppose 0 = w*z - 2146 + 241. Is z composite?
True
Let x be 3490 - -9 - (-2 - -3). Suppose v + 3*v - 2808 = -4*g, -5*v + x = g. Suppose 11*a = 14*a - v. Is a a composite number?
False
Let f(d) = 15438*d**2 + 1672*d + 5. Is f(-7) a prime number?
False
Let w = -392 - -997. Let l = w - -1037. Is l prime?
False
Let v be 3018/(-30) + -1*(-6)/10. Let k = 145 + v. Is 41/((-8)/(-10) + (-27)/k) a composite number?
True
Let n = 168 + -174. Is (-14780)/n - (-2)/(-6) a composite number?
True
Is ((-1 + 6)/15)/(-2*9/(-39943422)) a composite number?
False
Suppose 0 = -4*h - 10 - 10. Let p be 0/(-6) + h/((-10)/2082). Is (1 + -1)*1 - p/(-3) prime?
True
Suppose 11*i - 186668 = -16135. Is i composite?
True
Let m(x) = 681*x**2 + 27*x + 187. Is m(-19) prime?
False
Is (-162)/(-2106) - (-5)/(130/9932544) a composite number?
False
Let p = 89744 + 162935. Is p prime?
False
Let c = 6 - 4. Let n(u) = -1 - 2 + 41*u**c + 0. Is n(2) prime?
False
Let w(r) = 388*r**2 + 104*r + 989. Is w(-8) prime?
True
Suppose 6*p + 4 + 20 = 0. Let f be (19577 + 1)/3 + p. Suppose -2*m = 4*m - f. Is m composite?
False
Let y = 78911 + -38680. Is y prime?
True
Suppose 24*p = -10*p - 31042. Let i = -264 - p. Is i prime?
False
Suppose -42696 = 11*z + 34084. Let c = z + 9979. Is c prime?
True
Let c = 24660 - 16549. Is c a composite number?
False
Let l be (3/3)/(1 + 48/(-42)). Is (-40)/(-140) + (-2217)/l prime?
True
Let n(b) = -7*b - 1. Let r be n(-2). Suppose -8*x + 11 = -r. Suppose x*o + 4*i - 68 = -o, 18 = 2*o - 2*i. Is o prime?
True
Suppose 10*y - 27812 = 11768. Suppose 2*q + y = 2*z, -2*z - 3*z + 9898 = -4*q. Is z a prime number?
False
Let q be 1/((-21)/(-28))*6. Suppose -q*f = f - 79011. Is f prime?
True
Let f be (-50)/(-20) + 74826/4. Suppose -5*n - 2*r + f = 0, 5*r - 1188 = -2*n + 6283. Suppose -3*b + 2*u = -2*b - n, -2*b - u + 7496 = 0. Is b prime?
False
Suppose -7*g = 5*g - 118524. Is (2/(-2))/(g/(-1645) - -6) prime?
False
Let x = -13940 + -4971. Is x/(-4) + (648/(-32))/27 a prime number?
False
Suppose 40*k = 37*k. Suppose k = -s - 5, -5*d + 5*s + 17722 - 1882 = 0. Is d composite?
False
Let p = 646984 - 384149. Is p a composite number?
True
Let c(t) = t**3 - 23*t**2 + 5*t + 11. Is c(27) composite?
True
Let m = -160 - -165. Suppose -31945 = -4*b - k, -b - 15945 = -3*b + m*k. Is b a composite number?
True
Let z = 101961 + 723358. Is z composite?
True
Let y(s) = -s**3 - 13*s**2 - 22*s + 14. Let l be y(-10). Is 5 + l*2094/(-12) + -3 composite?
False
Is -447*((-2 - -1) + 656/(-6)) prime?
False
Let w = -61 - -63. Suppose -w*k + 5*k - 5*k = 0. Suppose 7*t - 5*t - 1774 = k. Is t prime?
True
Suppose -5*v + 91619 + 33507 = -3*g, -41698 = g + v. Let w = -26263 - g. Is w a prime number?
True
Suppose -250*z + 38263278 + 14839472 = 0. Is z prime?
True
Suppose 8 = -g, -4*o + 3*g = -1701332 + 442536. Is o composite?
False
Let h(p) = 225*p**3 - 42*p**2 - 21*p + 31. Is h(6) composite?
False
Let p = -75607 - -169808. Is p a composite number?
False
Suppose 9726*g - 9723*g = 1725027. Is g a prime number?
True
Let t(n) = 2*n**3 - 16*n**2 - 15*n + 14. Let x be 16/(-8)*(-15)/2. Is t(x) a prime number?
True
Suppose -148822 = -14*m + 516. Is m a prime number?
True
Suppose -10*v + 24*v = 56. Suppose -v*y = 2*o - 21714, -7 = o - 6. Is y a prime number?
False
Let w = 56 - 59. Let a be w/(6/23)*-214. Let v = -1242 + a. Is v a prime number?
False
Let l = -549927 + 1119584. Is l prime?
False
Let v(x) = -29 + 2 + 122*x - x**2 - 89*x. Is v(13) prime?
True
Let l(v) = 4250*v**3 - 1. Suppose -4*m + 7 = 3*z, -2*z - 20*m + 18*m + 4 = 0. Is l(z) a composite number?
True
Suppose -30*w + 27*w - 3*k = -295095, -491801 = -5*w - k. Is w a prime number?
False
Let c be 6 + 133/(-14) - 2/(-4). Let h = c + 5. Suppose m = -h*i + 1311, 4*m = 4*i + m - 2597. Is i a prime number?
True
Let y be (2 - 0) + -6 + 23168/8. Suppose -6*l + 0*l = -y. Is l composite?
True
Suppose 0 = 248*d - 256*d + 1006952. Is d a composite number?
True
Let g = -121 - -121. Suppose -3*a - 15 = 0, 5*b - 5*a - 3530 = -g*a. Is b prime?
True
Suppose -2*p + 1354 = -578. Is 2/11 + p/(-231) + 705 a composite number?
False
Let s(f) = -32 + 291*f + 69 - 77. Is s(9) a composite number?
False
Let o be 1926/13 - 9/(585/10). Suppose -114*a + o = -110*a. Is a prime?
True
Let b(k) = 5*k**2 + 11*k + 6. Let o be b(-4). Let c = o - 42. Suppose 6*i - 7546 + 1288 = c. Is i a composite number?
True
Let y be (-30)/(-3) + -5 + 1. Suppose -y*b + 81494 = 4940. Is b a composite number?
True
Let g(d) = -71*d + 13. Let z(o) = 36*o - 7. Let a(p) = -3*g(p) - 5*z(p). Let c be (40/(-16))/((-1)/2) - -16. Is a(c) prime?
False
